inder when 65 is divided by s.
1
Let y = 55 + -52. Suppose -4*u + 297 = 5*g, 0 = -y*u - 5*g + 214 + 15. Calculate the remainder when u is divided by 14.
12
Let r(k) = -k**2 - 5*k + 25. Let f(t) = -t**3 + t**2 + t + 9. Let y be f(3). Calculate the remainder when r(y) is divided by 8.
3
Let t = -781 + 833. Calculate the remainder when 55 is divided by t.
3
Suppose 3*r + 4*f = 103, 4*r - 10 = 2*f + 142. Calculate the remainder when 517 is divided by r.
36
Let t(d) = d**2 - 2*d + 19. Calculate the remainder when 32 is divided by t(0).
13
Let i = -972 - -989. Calculate the remainder when 338 is divided by i.
15
Let d(x) = x**2 + 7*x + 14. Calculate the remainder when 64 - (1 - (1 + 2)) is divided by d(-7).
10
Let u(i) = i**3 + 2*i**2 + 16*i + 2. What is the remainder when 172 is divided by u(0)?
0
Suppose -r - 5*i + 21 = -i, -4*i - 20 = 0. Let m = -6 + r. What is the remainder when m is divided by 19?
16
Let f be 3/(-9) - 8/(-6). Let x be (f - 4 - -4)*3. Let k = x + 8. What is the remainder when 30 is divided by k?
8
Let o(f) = -17*f + 499. What is the remainder when o(28) is divided by 6?
5
Let w = -377 - -576. What is the remainder when w is divided by 51?
46
Suppose 3*s - 984 = 4*p, p + 1640 = 5*s - 2*p. What is the remainder when s is divided by 55?
53
Suppose -2*t = -5*n + 313, -4*t = -2*n - 45 + 183. What is the remainder when n is divided by 27?
7
Let g = 34 - -88. Let v = g - 62. Suppose 2*h - 6*h = -v. Calculate the remainder when h is divided by 8.
7
Let z = 30 - -40. What is the remainder when z is divided by 22?
4
What is the remainder when ((-246)/(-8))/((-3)/(-4)) is divided by 13?
2
Let c = -5 - -39. Suppose 0 = -8*n + c + 14. What is the remainder when 7 is divided by (-3)/n*-2 - -5?
1
Suppose 0 = 23*a - 20*a - 378. What is the remainder when a is divided by 4?
2
Let w(y) = -y**2 + 10*y - 9. Let t be w(6). Let q(s) = t*s - 8*s + 0 + 4 - 9*s. Calculate the remainder when 27 is divided by q(-3).
7
Let k = -14 + 26. Suppose -16*a + 148 = -k*a. Calculate the remainder when a is divided by (1/4)/(6/312).
11
Suppose 103*p = 100*p + 498. What is the remainder when p is divided by 59?
48
Suppose -2*c + 12 = -0*c. Let p = -7 - -41. Suppose -2*r - c = -p. Calculate the remainder when r is divided by 8.
6
Let s(h) = -15. Let b(i) = i - 44. Let z(n) = 3*b(n) - 8*s(n). Calculate the remainder when (36 - 2)*1 - 1 is divided by z(7).
6
Let p = 164 + -93. Suppose -11 = 3*s - 26. Suppose 63 = 3*f + f - 3*c, -s*f = 3*c - 99. What is the remainder when p is divided by f?
17
Let l(h) = -h**3 + 9*h**2 + 17*h - 111. Calculate the remainder when 404 is divided by l(7).
86
What is the remainder when (19/95)/((-2)/(-4610)) is divided by 11?
10
Suppose 145*t - 217*t = -1872. Calculate the remainder when 856 is divided by t.
24
What is the remainder when 4/(-4)*1*(2 + -5) is divided by 2?
1
Suppose 0 = -3*o - 2*f + 127 - 53, -o - f + 26 = 0. Calculate the remainder when 36 is divided by o.
14
Suppose 3*l = 7*b - 2*b + 115, 3*l - 3*b - 105 = 0. What is the remainder when 99 is divided by l?
9
Suppose 0*w + 2*w = -10, -w = u - 85. Suppose -5*c - u = -3*h, -4*h = -h + 2*c - 69. Calculate the remainder when h is divided by 7.
4
Let w = 12 + -13. Let u be ((-1)/(-2))/(w/(-12)). Let y = u + 2. What is the remainder when y is divided by 2?
0
Suppose 4*c - 40 = -c. Calculate the remainder when c is divided by (3/5)/((-2)/(-10)).
2
Let s = -5 - -5. Suppose 5*z - 3*h = 208, s*z - 5*h + 77 = 2*z. Let d = 89 - z. Calculate the remainder when d is divided by 10.
8
Suppose 5920 = 78*d + 130*d + 1968. What is the remainder when 4/(-10) + (-434)/(-10) is divided by d?
5
Let g(d) = 6*d**2 - 5*d - 5. Calculate the remainder when g(-2) is divided by 27.
2
Let p = 118 + -96. Calculate the remainder when 57 is divided by p.
13
Calculate the remainder when 76/(-304) + 322/8 is divided by 18.
4
Suppose -4 = g + 12. Let a be (-24)/g + 89/2. Suppose -2*b + 0 + a = 0. Calculate the remainder when 43 is divided by b.
20
Let u(i) = i**3 + 2. Let f = 6 + -6. Let d be u(f). Suppose -2*z = j - 4*j - 19, -d*j = -2*z + 20. What is the remainder when 30 is divided by z?
8
Let p = 102 + -101. Calculate the remainder when 61 is divided by 4/(-6) + p + 248/12.
19
Let y(s) = s. Let z(c) = 11. Let g(u) = -3*y(u) - z(u). Suppose j + k - 10 + 1 = 0, -5*j = -2*k - 17. What is the remainder when g(-10) is divided by j?
4
Let v = 1 + 6. What is the remainder when 97 is divided by v?
6
Suppose -45*n + 15*n + 330 = 0. What is the remainder when 185 is divided by n?
9
Let w = 400 - 335. Let y(g) = -6*g - 9. Calculate the remainder when w is divided by y(-7).
32
Let j = -8 + 232. What is the remainder when j is divided by 15?
14
Let i(m) = -1 + m**3 - 5*m**2 + 2 + 8*m - 6*m**2 - 2*m**3. Let p = 0 - 12. Calculate the remainder when i(p) is divided by 17.
15
Let l = -22 + 1. Let m = -15 - l. Let s(i) = -i**3 + 7*i**2 - i + 7. What is the remainder when s(m) is divided by 13?
11
Suppose 5*y = 2*k + 789, y + 11*k - 15*k - 165 = 0. What is the remainder when y is divided by 5?
2
Suppose 0 = -6*v - v + 2884. What is the remainder when v is divided by 59?
58
Let u = -282 + 291. What is the remainder when 15 is divided by u?
6
Let t(y) be the second derivative of 2*y**3/3 - 2*y. Suppose 5*w = -10, 5*z + 2*w + 1 = 52. Calculate the remainder when t(5) is divided by z.
9
Suppose v - d = 37, -4*v + 6*d = 10*d - 156. Calculate the remainder when 1937 is divided by v.
37
Let z = 94 + -87. Suppose y = -y + 40. Calculate the remainder when y is divided by z.
6
Let a = -1583 - -1593. Calculate the remainder when 287 is divided by a.
7
Suppose -50 - 5098 = -9*m. Calculate the remainder when m is divided by 14.
12
Suppose 3*v = 4*v - 75. Let p = v - 37. Let q = p + 5. Calculate the remainder when q is divided by 22.
21
Suppose 0 = -5*r + 3*f - 140, 3*r + 3*f = -r - 139. Let h = r + 48. What is the remainder when h is divided by 7?
3
Let v(m) = 2*m**3 - 11*m**2 + 13*m. Calculate the remainder when v(6) is divided by 15.
9
Let z = -745 - -772. What is the remainder when z is divided by 10?
7
Suppose 5*c - 4*o - 77 = 0, 0 = 3*c + 2*o - 30 - 3. Suppose 20 = -3*k + 8*k. Suppose k*r = 202 - 50. Calculate the remainder when r is divided by c.
12
Suppose -25 = -2*y - 3. Let b = 2538 - 2499. What is the remainder when b is divided by y?
6
Suppose 3*i - 139 = -4*f, 2*i + 24 = 4*f + 150. What is the remainder when i is divided by 3?
2
Let p(a) = 3*a**2 + 73*a + 221. Let f = 4 - -20. Suppose 5*k - f = 31. What is the remainder when p(-3) is divided by k?
7
Let s(y) = -5*y + 8. Let q be s(4). Let x be (3 - q/(-3))*-2. Suppose -9 = 3*m - 0, -5*m - 43 = -x*o. Calculate the remainder when o is divided by 4.
2
Suppose -33 = -d - 2*d. Suppose 244 = g - 66. Suppose 2*x + 8*x - g = 0. What is the remainder when x is divided by d?
9
Let b = -39 + 46. Suppose -20 - 36 = -b*z. What is the remainder when 28 is divided by z?
4
Suppose 236 = 27*w - 25*w + x, -x - 364 = -3*w. What is the remainder when w is divided by 116?
4
Suppose a + 5*c - 25 = 4*c, 5*a = 2*c + 118. Calculate the remainder when 1*-3*(-9 + 7 - a) is divided by 16.
14
Let u = 158 + -132. What is the remainder when u is divided by 15?
11
Let m = -20 - -20. Suppose -3*c + 33 = -m*c. Calculate the remainder when -30*(3 - 13/3) is divided by c.
7
Let u(l) = -l**3 - 25*l**2 + 23*l - 32. What is the remainder when 225 is divided by u(-26)?
41
Suppose 0 = -463*r + 462*r + 98. Calculate the remainder when r is divided by 11.
10
Suppose -2*u + 11 = -3*d - 0, 4*u - 19 = 5*d. Suppose 2*t + 35 = 5*f - 2*t, 5*f - t = 20. Let q = f + -2. What is the remainder when q is divided by u?
0
Let c(m) = -m**3 - 5*m**2 - 3*m + 2. Let v be c(-3). Let j(h) = -h. Calculate the remainder when (18/27)/((-4)/(-114)) is divided by j(v).
5
Let w(j) = -j + 14. Calculate the remainder when (2 - 1)/(27/23760*16) is divided by w(0).
13
Suppose -3*l = -10 + 4. Suppose -5*v = -l*v - 9. Suppose v*s - 7*s + 88 = 4*k, -k - 73 = -4*s. Calculate the remainder when 75 is divided by s.
18
Let c(w) = 110*w**2 + 11*w + 20. Calculate the remainder when c(-2) is divided by 26.
22
Let q(s) = 12*s**2 + 3*s - 1. Let d be (4 + -1)/(9/78). Let i = -12 + d. Calculate the remainder when q(2) is divided by i.
11
Suppose -4*z + 4*g +